v = -6 + 22. What are the prime factors of v?
2
Let j = -6 + 10. Let x(o) = -13*o + 1. Let f be x(-1). Suppose -f + j = -2*l. List the prime factors of l.
5
What are the prime factors of (35/(-14))/((-1)/30)?
3, 5
Let c = 16 - 9. What are the prime factors of c?
7
Suppose 5*p - 2*m = 27, 5*p + 7*m - 21 = 3*m. Suppose w = p*w. What are the prime factors of (w + -20)*(-4)/8?
2, 5
Let r(x) be the second derivative of x**5/20 - x**4/4 - 2*x**3/3 + 3*x**2/2 - x. Let a be r(2). Let z = 15 + a. List the prime factors of z.
2, 3
List the prime factors of 2/(-9) + 656/36.
2, 3
Suppose z = 20 - 8. List the prime factors of z.
2, 3
Let a = 1 - 5. Let c = 6 + a. Suppose 1 = -4*r + c*b + 37, 3*r + 4*b - 38 = 0. List the prime factors of r.
2, 5
List the prime factors of ((-186)/30)/((-2)/10).
31
Let p(r) be the first derivative of r**4/4 - r**2 + 4*r + 4. List the prime factors of p(3).
5
Let m be ((-32)/(-1 + 0))/1. Let g = m - -2. Suppose -c + 3*r + g = 0, -c - 5*r = -3*c + 63. What are the prime factors of c?
19
Suppose 3*v = 2*b - 7*b + 320, -3*b - 5*v + 208 = 0. List the prime factors of b.
61
Suppose 4*p - 1 - 9 = -2*s, 3*p = -5*s + 11. Let c(i) = 2*i - 1. Let v be c(p). Let f = v + 0. What are the prime factors of f?
3
Suppose -2*q = -3*f - 65, -2*f + 5*q = f + 50. Let z = -9 - f. List the prime factors of z.
2
Let x(t) = -t**2 - 24*t - 23. List the prime factors of x(-20).
3, 19
Let r = -5 + 8. Suppose 0 = -3*w + x + 18, w - r = -5*x + 3. What are the prime factors of w?
2, 3
Suppose 3*i = k - 31, 4*k + 0*k = -2*i + 124. Suppose q = 5*w - k - 13, 7 = w - 2*q. List the prime factors of 2/(-3) + 42/w.
2
Let l = 118 - 78. What are the prime factors of l?
2, 5
Let w(c) = 7 + 5 + c - 3. Let k be w(-6). List the prime factors of k*(-1)/3*-10.
2, 5
Let u(x) = x**2 - 11*x. Let a be u(6). List the prime factors of 96/10 - 12/a.
2, 5
Suppose 0*j + 3*j + 11 = 5*x, 3*x = 4*j. List the prime factors of j.
3
Let l(o) = -o**3 - 3*o**2 + 5*o + 1. What are the prime factors of l(-5)?
2, 13
Let q be 0 + 2 + (-112)/(-1). Suppose 4*p - q = -6. List the prime factors of p.
3
Let s(h) = 2*h**2 + 4*h - 6. List the prime factors of s(-6).
2, 3, 7
Suppose 4 = -p - 0. Let i = 15 + p. List the prime factors of i.
11
Let p be (-2)/(-4)*(-8 - -2). List the prime factors of 1 + 48 + p + 3.
7
Let t(s) = s + 2*s - s - s. Let i be t(-4). What are the prime factors of (-57)/i + 2/(-8)?
2, 7
Suppose -3*i - 30 = -327. List the prime factors of i.
3, 11
Let n be 34/8 + 2/(-8). List the prime factors of (n + -3 - -1) + 7.
3
Suppose r - 7 = 19. Suppose w = -2*w + 12, -4*w = 2*v - r. Suppose 2*l = -v*j - 2, l + 2*j + 0 - 1 = 0. List the prime factors of l.
3
Suppose 3*y = 2 + 10, -5*t = 2*y - 18. Suppose 0 = h + 2*u - 8, t*h - 4*u - 48 = -0*h. List the prime factors of h.
2
Suppose 4*a = -2*b + 3*b, -4*a = -5*b + 16. List the prime factors of b.
2
Suppose -3*y = -0*z + 4*z + 77, 3*z - 3*y + 42 = 0. Let l = z + 26. What are the prime factors of l?
3
Suppose 3*k - 5*w + 0*w - 83 = 0, 5*k - 121 = 4*w. List the prime factors of k.
3, 7
Suppose 5*k + 3 = 2*f, 2*f + 3*k = -3*f + 23. Suppose f*j - j = 72. List the prime factors of j.
2, 3
List the prime factors of 5 + (-3)/3 + 213.
7, 31
Let d(j) = -j**3 - 6*j**2 + 7*j + 3. Let k(s) = s + 3. Let u be k(-4). Let i be ((-2)/(-2))/u*7. List the prime factors of d(i).
3
Suppose 5*d - 375 = -2*s, -5*s + 40 = -2*d + 161. What are the prime factors of d?
73
List the prime factors of (214/6)/(-7 - 344/(-48)).
2, 107
Let x(h) = -h**3 - 7*h**2 - 8*h - 5. Let b be x(-6). Suppose 0 = 2*v + m - 16, b*v = 4*v - 2*m + 24. List the prime factors of v.
2
Let w(b) = 2*b - 2. Suppose 0*s - 24 = -4*s. What are the prime factors of w(s)?
2, 5
Let m(j) = -2*j**2 - 5 - j**3 + 0*j**2 + 2*j - 4*j + 6*j. What are the prime factors of m(-4)?
11
Let r = -6 - -15. Let n be (24/9)/(6/r). Suppose -4*i - n*u = -16, 2*i - 3*u - 15 = 2*u. List the prime factors of i.
5
Let j(y) = y**2 + 6*y + 8. List the prime factors of j(-9).
5, 7
Suppose 8 = l + l, -o - l + 133 = 0. List the prime factors of o.
3, 43
Let u(x) = 4*x**2 - x. Let z be u(-1). Let i = 7 - z. Suppose g - i*g + 4 = 0. List the prime factors of g.
2
Let m be ((-16)/(-20))/((-2)/10). Let q be (m - -3) + 1 + 4. Suppose 0*l - q = -l. List the prime factors of l.
2
List the prime factors of (21/(-14))/(3/(-88)).
2, 11
Let v be -184*-2*(-1)/(-4). Let c = v + -59. List the prime factors of c.
3, 11
Let y(t) be the first derivative of t**3/3 - 9*t**2/2 - 5*t + 2. Let q be 2/4 - 63/(-6). What are the prime factors of y(q)?
17
Suppose 0 = -12*g + 17*g - 420. What are the prime factors of g?
2, 3, 7
Let x = 285 - 182. What are the prime factors of x?
103
Let w be (2 - -1) + 4/4. List the prime factors of 370/22 + w/22.
17
Suppose -4*w - 30 = w. Let u = -2 - w. Suppose -3*i = -u*i + 2. List the prime factors of i.
2
Let d(v) = -v**2 - 2*v - 6. Let t be d(0). List the prime factors of 13 - 6/(-9)*t.
3
Let z be (-4 - -6) + 1/1. Suppose -3*r + z*a + 54 = 0, 5*r + 4*a - 62 = 2*a. What are the prime factors of r?
2, 7
Let z = -3 - -33. What are the prime factors of z?
2, 3, 5
Let y = -302 - -592. What are the prime factors of y?
2, 5, 29
Suppose 6*n - 1675 = 137. What are the prime factors of n?
2, 151
Let q = 12 + 22. What are the prime factors of q?
2, 17
Suppose 2*c - 1056 = -6*c. List the prime factors of c.
2, 3, 11
Suppose q = 2*q + 3*c - 12, -q + 2*c = 8. Suppose k + 3*k - 16 = q. List the prime factors of k.
2
Let o = 6 - 4. Suppose 100 = 5*u + c, 0 = -2*u + o*c - 3*c + 43. What are the prime factors of u?
19
Let o be 3 + -6 - -30*2. Let x = o - 35. List the prime factors of x.
2, 11
What are the prime factors of 10/95 + (-1592)/(-38)?
2, 3, 7
Let w be -1 - -54 - (7 + -4). Suppose 3*g - 43 = w. What are the prime factors of g?
31
Suppose -3*j + 41 = j + i, -3*j - i = -31. List the prime factors of 294/j + 2/(-5).
29
Let f(k) = 5*k**3 - k**2. Let x = 1 - 0. Let a be f(x). Suppose 56 = h + a*h - 3*p, -2*h + p = -22. What are the prime factors of h?
2, 5
Let w(m) = -m. Let p(k) = -3*k - 1. Let c(l) = -p(l) + 2*w(l). Let t = 3 - 0. List the prime factors of c(t).
2
Let l(g) = g**3 + 3*g**2 - 3*g - 2. Let c be l(-4). What are the prime factors of c/(-10) - 64/(-10)?
7
List the prime factors of (-2)/3 - (-41)/3.
13
Let r be -2 + -2*(-3)/6. Let d be 1 + r + 1 + -10. What are the prime factors of (-88)/d - (-4)/18?
2, 5
Suppose 0 = 5*z + 16 + 14. Let x(o) = o**2 + 5*o - 5. Let a be x(z). List the prime factors of -2*a/(-2)*7.
7
Suppose -10 = 3*a + 2, -2*r - a = 20. Let f = r - -20. List the prime factors of f.
2, 3
Suppose 5*t = -4*l + 46, -4*t + 55 = 5*l + t. List the prime factors of l.
3
Suppose b + 3*y = 7*y + 9, y - 4 = -b. Suppose 4*v + 16 = -2*z + 3*z, 0 = -b*v - 20. Suppose z = -4*t + t + 9. List the prime factors of t.
3
Let r(j) = 2*j**2 - 5*j - 6. List the prime factors of r(-5).
3, 23
Let q(w) = w + 7. Let s be q(-3). Suppose -s*b = b - 175. List the prime factors of b.
5, 7
Let z = 28 + 9. Let a be ((-3)/9)/(2/(-12)). What are the prime factors of z/4 + a/(-8)?
3
Suppose 45 = 3*b - 24. What are the prime factors of b?
23
Let a = -40 + 56. What are the prime factors of 4/a + (-110)/(-8)?
2, 7
Let p(r) = r**3 - r. Let i(v) = -3*v**3 + 3*v + v**3 + v + v**3 - 3*v**2. Let d(a) = i(a) + 2*p(a). List the prime factors of d(3).
2, 3
Let j(l) = 3*l**3 - 8*l**2 + 6*l - 8. What are the prime factors of j(5)?
197
Suppose 3*n - 1 - 5 = 0. Let l be n*(-3)/(-6) - -2. Suppose -l*c + 3 = -18. List the prime factors of c.
7
Let q be 3092/28 + (-6)/14. Suppose 40 + 11 = y + 5*m, 5*y - q = 4*m. List the prime factors of y.
2, 13
Suppose 0 = -2*n + 5*b + 14, -3*n - 2*b + 4*b = -43. List the prime factors of n.
17
Let m = -18 + 20. Suppose 5*q - 61 = 14. Let x = q + m. What are the prime factors of x?
17
Let z(t) = -t - 6. List the prime factors of z(-21).
3, 5
Suppose -4*i - 5 = r, -3*i - 7 - 60 = -5*r. What are the prime factors of r?
11
Let o = 10 - -15. List the prime factors of o.
5
Let l = 19 - 11. What are the prime factors of l?
2
Suppose -175*i = -176*i + 95. What are the prime factors of i?
5, 19
Suppose -2*y = 5*l - 306, y + 4*l = 2*y - 127. List the prime factors of y.
11, 13
Suppose 5*z = -v - v + 10, -2 = -z - 4*v. Suppo